v. Suppose 0*k + k - 14 = v. Calculate the highest common divisor of c and k.
7
Let b be (2 + (-2 - 0))/(-3). Suppose 3*t + b*t = 6, -3*j + 2*t + 290 = 0. What is the highest common factor of 14 and j?
14
Let k(q) = -3*q + 15. Let i be k(-17). Calculate the highest common factor of i and 3.
3
Suppose 4*a + a = 240. Let q = 43 + -65. Let b be -5 + ((-10)/2 - q). What is the greatest common factor of b and a?
12
Let l be 0 - -4 - 21/21 - -61. What is the greatest common divisor of 352 and l?
32
Suppose 0 = 4*l - 20, 25 = -3*t - 4*l + 9*l. Let f be 36 + (-1 - t)*0. What is the greatest common factor of 9 and f?
9
Suppose -3*v + 3*q - 4*q = -19, v + 15 = 5*q. Suppose -4*w - 145 = -3*k + 117, 4*w + 442 = v*k. What is the greatest common factor of 60 and k?
30
Let g(w) = 3*w**2 + 3*w. Let r be g(6). Suppose 18*y - 19*y - t = -9, 80 = 5*y - 2*t. What is the highest common divisor of r and y?
14
Let j(f) = -f**2 + 15*f + 121. Let m be j(19). Let v(y) = -y + 1. Let d be v(-4). What is the greatest common factor of d and m?
5
Suppose 6*z = 4*z + 112. Suppose k - u = -3*k + z, 4 = -u. Let r = -94 - -133. What is the greatest common factor of r and k?
13
Let z be (12/(-10))/(11/440). Let b = z + 15. Let k = 48 + b. Calculate the highest common factor of k and 6.
3
Suppose 3*b + 3*f = 75, -91 = -17*b + 13*b - f. What is the greatest common factor of 198 and b?
22
Let c be (9/6 - 2) + 35/14. Let f be (-2)/(2*c/(-56)). Calculate the greatest common factor of f and 140.
28
Let h = 0 - -12. Let j be (-3 - (-28)/h)*-12. Suppose -19*g - 264 = -22*g. What is the greatest common divisor of g and j?
8
Let z be 15 + 4/(-32) + 312/(-64). Calculate the greatest common factor of z and 30.
10
Let c(k) = 4*k + 12. Let n be c(-6). Let v = n + 20. Let i(q) = 2*q - 14. Let a be i(v). What is the highest common divisor of 16 and a?
2
Suppose -2*n = l + n - 59, -4*l + 278 = -2*n. Suppose -7*h - l = -656. Calculate the highest common factor of h and 12.
12
Suppose 0 = 3*b - 6*b. Let q = 2 + b. Let d be (7/(-3) + -1 + 3)*-42. Calculate the highest common divisor of d and q.
2
Let b(c) = -3*c - 2*c + 2 - c**2 + 6. Let y be b(-7). Let s = 3 - y. What is the greatest common factor of s and 1?
1
Let m(f) = f**3 - 3*f**2 - 20*f - 36. Let h be m(10). What is the greatest common factor of 32 and h?
16
Let t = -1 + 1. Let a = -6 + t. Let c be a/(164/176 + -1). Calculate the highest common divisor of 8 and c.
8
Let h = 1 - 3. Let j be (-2)/8 - (h - 258/8). Calculate the highest common factor of j and 306.
34
Let i = 22 + 85. Suppose -3*y = -i - 124. Calculate the highest common factor of 7 and y.
7
Let a = -119 - -130. Let h(r) = r**2 - 8*r + 4. Let j be h(a). Calculate the greatest common divisor of j and 185.
37
Let n = -101 + 190. Let p = -51 + n. What is the greatest common factor of p and 95?
19
Let b be 200/3300 - (-986)/66. What is the greatest common factor of b and 125?
5
Suppose 0 = -6*o - 52 + 112. Calculate the highest common factor of o and 70.
10
Let o be (-7)/(-3)*7*21/49. Let t = -3 + 10. Let s(f) = -f**2 + 14*f + 7. Let c be s(t). Calculate the highest common divisor of c and o.
7
Suppose -5*l = -8*l - 9, 4*l = 3*h - 96. Suppose 67 = 3*i - 689. Calculate the highest common factor of h and i.
28
Let v = -22 + 24. Suppose -v*c - 608 + 122 = -2*w, -2*w - 2*c = -474. Calculate the highest common factor of w and 30.
30
Suppose 27*i - 391 - 581 = 0. What is the greatest common divisor of i and 92?
4
Let k be (-186)/30 - (-3)/15. Let n = 2 + k. Let v be n*(0 - (-116)/(-16)). Calculate the highest common factor of 145 and v.
29
Let k(l) = l**2 - 10 - 14*l + 14*l + 2*l**2. Let v be k(-4). What is the greatest common factor of v and 19?
19
Let i(y) = y**2 - 3*y. Let v be i(-1). What is the greatest common factor of v and 5?
1
Let z = 2226 + -1335. What is the greatest common factor of 198 and z?
99
Let j be (3/6)/(1/(-8)). Let a be (170/4)/((-2)/j). Let x = -20 + a. What is the highest common factor of x and 26?
13
Let u be 78/13*118/4. Suppose -4*q - x - u = -570, -4*q + 408 = -4*x. Calculate the greatest common factor of 9 and q.
9
Let u = 51 - 50. Let t be 3/(0/2 + u) - -10. What is the greatest common divisor of t and 39?
13
Let z(f) = f + 20. Let w be z(-11). What is the greatest common factor of w and 144?
9
Suppose t - 4*o = -21, -4*t = -o + 35 + 34. Let f be -45*(3 + t/5). Let g be 49/6 - 3/f. What is the greatest common factor of g and 8?
8
Let y be (7/(98/60))/((-789)/(-1841)). Let g be ((-25)/(-2))/((-2)/(-4)). Suppose g = 4*a + a. Calculate the greatest common factor of a and y.
5
Let u(n) = 3*n**2 + 11*n - 227. Let d be u(13). What is the highest common factor of d and 188?
47
Let n be 5*(2/(-5) + 2504/20). What is the greatest common factor of 96 and n?
48
Suppose 0*x = 5*x - 10. Let c(g) = 3*g + 47 + 46 - 97. Let y be c(x). Calculate the highest common factor of y and 2.
2
Let b(a) = a - 2. Let x be b(8). Suppose k = -0*k + x. Suppose 11*s - 8*s - 45 = 0. What is the highest common divisor of k and s?
3
Let n be -1 - 21/(42/(-6)). What is the highest common divisor of 18 and n?
2
Suppose 11 = 3*u - 4. Suppose -4*y = -39 - u. Suppose 82*c - 44*c - 418 = 0. What is the highest common factor of c and y?
11
Let x(m) = -m**2 + 2*m + 4. Let k be x(3). Suppose o + 17 = 20. What is the greatest common factor of o and k?
1
Let d(r) = 11*r**2 - 3*r - 2. Let n be d(2). What is the highest common factor of n and 45?
9
Suppose -15*g = -16*g + 12. Let l be -52*(2/g - 33/36). Calculate the highest common divisor of l and 13.
13
Suppose -111*z = -123*z + 2808. What is the highest common divisor of z and 156?
78
Suppose 0 = -252*j + 238*j + 840. Calculate the greatest common factor of j and 50.
10
Let x be 0 + 0 + 3 + 44. Let z = 66 - x. Let r = -12 + z. What is the greatest common factor of 77 and r?
7
Let v = 120 - 66. Suppose p + 10 = 6*p. Suppose p*s - 52 = 5*q - q, -3*s - 4*q = -38. Calculate the highest common factor of s and v.
18
Let p be (0 + 3)*272/6. Let s be 0*(14/(-4))/7. Suppose s = 4*v - 6*v + p. What is the highest common factor of v and 34?
34
Let b(s) = 12*s**2 - s. Let w be b(-1). Let v be (-378)/56*(-8)/3. Let a be (v/(-27))/((-4)/78). What is the highest common factor of w and a?
13
Suppose q = -5*v - 9, -8*q - 2*v + 6 = -7*q. What is the greatest common divisor of q and 2?
2
Suppose -r = 2*j - 2*r - 154, 3*r = 2*j - 158. What is the highest common divisor of j and 152?
76
Let f be (3/6)/((-6)/120). Let m(t) = t**2 - t - 4. Let y be m(-4). Let k = y + f. Calculate the greatest common factor of k and 54.
6
Let w be -2 - (-10 + 3/3). Let n(f) = -w - 8 + 21 - f**2 + 3*f. Let r be n(3). Calculate the highest common divisor of r and 54.
6
Suppose y = -5*i + 2260, -23 = -4*y - 3. What is the greatest common factor of i and 11?
11
Let j = 123 + 21. Suppose 5*n + j = -31. Let i = 20 - n. What is the highest common factor of i and 11?
11
Let g = 65 + -41. Let s be (2 - (-3 + 6))*288/(-8). Calculate the greatest common factor of g and s.
12
Let p = -4 + 7. Suppose -21 = -p*l - 6. Suppose -l*y + 2*y = -27. What is the greatest common factor of 36 and y?
9
Let m be 2 + 26/(-4)*2. Let s = m - -20. Suppose -3 = 11*d - 498. Calculate the greatest common divisor of d and s.
9
Let v = 162 - 58. Suppose 0*r = -7*r + 91. What is the highest common divisor of v and r?
13
Suppose 119*n - 53*n - 8448 = 0. Calculate the highest common divisor of 2 and n.
2
Let d(u) be the third derivative of 19*u**5/60 + u**4/8 + 5*u**3/6 - u**2. Let x be d(-2). What is the highest common factor of 30 and x?
15
Suppose -5*f + 5*h + 40 = 0, 2*h + 6 = 2*f - f. Suppose -19*i - i + 200 = 0. Calculate the highest common factor of i and f.
10
Let u(t) = 3*t**2 + 8*t - 50. Let p be u(5). Let x = 21 - 8. What is the highest common divisor of p and x?
13
Let v(w) be the second derivative of -4*w + w**2 - 3/4*w**4 + 1/20*w**5 + 0 + 0*w**3. Let g be v(9). What is the highest common factor of 2 and g?
2
Let j be 2 + (-10 - -262) + -1. Calculate the greatest common factor of j and 143.
11
Let k = -1138 - -1156. Calculate the highest common divisor of k and 102.
6
Let m(f) = -3*f + 76. Let q be m(-3). Calculate the greatest common divisor of 68 and q.
17
Let z = 1 - -23. Suppose t - 5*n = 24, 4*t = t - n + z.